**3 + 87*k**2 + 218*k - 80. What is a(-3)?
-5
Let f(w) = w**2 - 126*w + 1564. Give f(13).
95
Let u(o) = 3*o**3 + 7*o**2 - 68*o + 35. Determine u(8).
1475
Let f(a) = 65*a**2 - 30*a + 100. Determine f(-2).
420
Let j(d) = -2*d**3 - 466*d**2 - 9666*d - 1280. Give j(-210).
-20
Let n(f) = 9*f**2 - 2836*f - 106444. Give n(349).
1
Let a(l) = 6*l**3 + 548*l**2 - 318*l + 4599. Give a(-92).
-1
Let m(a) = -a**2 - 657*a - 38950. Give m(-66).
56
Let h(k) = -k**2 - 210*k - 3848. What is h(-185)?
777
Let c(s) = s**2 - 1086*s + 93933. Calculate c(95).
-212
Let w(c) = -9946*c + 8851930. Calculate w(890).
-10
Let b(n) = -2*n**2 - 1931*n + 61749. Give b(31).
-34
Let q(w) = 84*w**3 - 1431*w**2 + 93*w - 716. Calculate q(17).
-2
Let i(l) = -l**3 - 265*l**2 + 3039*l + 851. What is i(-276)?
23
Let d(t) = 2*t**3 + 139*t**2 - 274*t - 4432. Determine d(-71).
-101
Let a(i) = -214*i**2 - 1929*i - 60. Calculate a(-9).
-33
Let w(j) = 249*j + 1389. Determine w(-5).
144
Let a(t) = 3*t**2 - 109702*t + 109700. Determine a(1).
1
Let n(z) = 128*z**2 - 1338*z + 3428. Give n(6).
8
Let a(n) = n**3 - 46*n**2 - 3963*n + 295. Give a(90).
25
Let q(c) = -4*c**3 + 26*c**2 + 1262*c + 1603. What is q(-14)?
7
Let n(x) = -198248*x - 1189571. Calculate n(-6).
-83
Let b(a) = -122*a - 609. Determine b(-3).
-243
Let d(f) = f**3 - 2*f**2 - 9830*f - 58715. Calculate d(-6).
-23
Let c(k) = -21*k**2 + 70034*k - 140061. Calculate c(2).
-77
Let p(n) = -6*n**3 + 28*n**2 + 4443*n - 153. Calculate p(-25).
22
Let f(h) = 752*h + 26440. Give f(-35).
120
Let w(z) = -13*z**3 + 125*z**2 - 201*z - 8. What is w(7)?
251
Let c(s) = 4*s**2 + 3955*s + 419994. Give c(-121).
3
Let k(h) = -28747*h + 258787. Determine k(9).
64
Let o(g) = 13994*g - 867629. Determine o(62).
-1
Let x(a) = 64632*a - 2326928. Give x(36).
-176
Let m(j) = -j**3 - 149*j**2 + 1515*j + 40716. Calculate m(-157).
53
Let w(i) = -69629*i - 1183854. What is w(-17)?
-161
Let g(h) = -377*h + 5538. Calculate g(22).
-2756
Let a(d) = -3937*d + 19582. Give a(5).
-103
Let w(x) = -x**2 - 6*x + 264. What is w(-13)?
173
Let q(r) = -20108*r - 1206449. What is q(-60)?
31
Let n(a) = -a**2 - 56*a - 519. Determine n(-12).
9
Let z(a) = 32134*a + 4595159. What is z(-143)?
-3
Let l(t) = 405*t - 30336. Calculate l(77).
849
Let k(u) = 11*u**2 - 1204*u - 17522. Determine k(-13).
-11
Let k(c) = -c**3 - 195*c**2 - 626*c + 26239. Calculate k(-191).
-119
Let n(m) = -66860*m + 735496. Calculate n(11).
36
Let w(b) = -4*b**2 + 306*b - 4020. Give w(20).
500
Let g(y) = -42*y**3 + 2259*y**2 + 2260*y. Give g(-1).
41
Let q(b) = -b**3 - 83*b**2 - 241*b + 107. Give q(-80).
187
Let i(v) = 18*v**3 - 196*v**2 + 164*v - 46. Give i(10).
-6
Let u(q) = -189*q**3 - 20*q**2 + 29*q - 8. Determine u(1).
-188
Let u(i) = -29*i**3 + 3919*i**2 - 546*i + 786. Give u(135).
-24
Let p(n) = 44*n**3 + 439*n**2 + 1286*n + 12965. Determine p(-10).
5
Let c(v) = 13667*v + 54592. What is c(-4)?
-76
Let s(i) = 11*i**3 - 9*i**2 - 16*i + 38. Calculate s(4).
534
Let q(f) = 24*f**3 + 1992*f**2 - 705*f - 58508. Give q(-83).
7
Let a(o) = 8629*o - 77577. What is a(9)?
84
Let d(p) = -1523*p - 994587. What is d(-653)?
-68
Let z(n) = 17*n + 3819. Give z(-202).
385
Let q(v) = v**2 + 114242*v - 571223. Determine q(5).
12
Let u(o) = -40*o**3 - 167*o**2 + 3*o + 5. What is u(-4)?
-119
Let v(w) = 25969*w + 3869401. Determine v(-149).
20
Let p(j) = 9338*j + 1736858. Give p(-186).
-10
Let a(p) = 46*p**3 - 16101*p**2 + 326*p + 8397. What is a(350)?
-3
Let l(n) = -33*n**2 - 1756*n - 181. What is l(-53)?
190
Let y(s) = -3256*s - 29303. What is y(-9)?
1
Let g(s) = -s**3 + 16*s**2 - 134*s + 869. Give g(11).
0
Let j(x) = -150*x + 10154. Determine j(69).
-196
Let d(b) = -17531*b + 35044. Calculate d(2).
-18
Let l(v) = 6093*v - 66930. Calculate l(11).
93
Let j(l) = -34102*l - 204625. Calculate j(-6).
-13
Let u(i) = 5874*i - 93907. What is u(16)?
77
Let w(c) = 45*c**3 - 3*c**2 + 85*c - 164. Give w(2).
354
Let t(u) = -2204*u + 48622. What is t(22)?
134
Let z(j) = j**2 + 175056*j - 700234. Calculate z(4).
6
Let q(b) = -1800*b + 253597. Give q(141).
-203
Let k(j) = -6*j**3 + 4694*j**2 - 1574*j + 7820. Give k(782).
0
Let g(k) = 4*k**3 + 77*k**2 - 41*k + 314. Calculate g(-20).
-66
Let s(z) = -188999*z + 2834962. Give s(15).
-23
Let z(d) = -461*d - 814. Give z(-2).
108
Let u(q) = 83*q + 3006. What is u(-40)?
-314
Let j(g) = -g**3 + 28*g**2 - 262*g + 809. Calculate j(7).
4
Let u(z) = z**3 + 24*z**2 - 200*z + 473. Give u(-31).
-54
Let p(w) = 4*w + 692. What is p(-114)?
236
Let g(c) = 48*c - 6046. Determine g(100).
-1246
Let o(h) = -1697*h + 86560. Give o(51).
13
Let o(j) = j**2 - 99*j - 51874. Determine o(-185).
666
Let j(w) = w**3 - 200*w**2 + 604*w - 2532. What is j(197)?
29
Let d(k) = 7*k**2 - 2674*k - 478. Determine d(382).
-478
Let o(k) = k**2 + 40*k + 654. Calculate o(-14).
290
Let a(u) = -63*u**2 + 931*u - 13. Calculate a(14).
673
Let r(j) = 263*j + 19721. What is r(-75)?
-4
Let m(o) = 199850*o - 39170595. What is m(196)?
5
Let l(t) = -80*t**2 + 10972*t - 12532. Determine l(136).
-20
Let n(v) = -2*v**3 - 12*v**2 + 11*v + 4. Give n(-4).
-104
Let o(h) = -2163*h - 586140. Give o(-271).
33
Let r(z) = -8*z**2 + 380*z - 327. Give r(47).
-139
Let a(n) = 20*n**3 + 1266*n**2 + 387*n + 569. Calculate a(-63).
2
Let b(p) = p**3 - 13*p**2 - 1463*p + 12804. Determine b(9).
-687
Let c(u) = 2*u**3 - 74*u**2 - 35*u + 792. What is c(38)?
2350
Let y(h) = h**3 - 135*h**2 - 22*h + 20903. Calculate y(134).
-1
Let a(b) = 840*b - 14. Give a(0).
-14
Let j(w) = -336*w**2 - 40*w + 47. Determine j(1).
-329
Let s(o) = -4*o**2 - 68*o - 409. What is s(-15)?
-289
Let h(x) = -882*x + 38672. Give h(44).
-136
Let c(i) = i**3 - 22*i**2 - 2279*i - 375. Determine c(60).
-315
Let z(r) = 602*r - 8370. Determine z(14).
58
Let g(y) = 802*y**2 + 12054*y + 348. What is g(-15)?
-12
Let s(l) = 16*l**2 - 53755*l + 161262. Calculate s(3).
141
Let r(u) = u**2 - 37*u - 3636. Determine r(-43).
-196
Let a(h) = -h**2 - 303*h - 10821. What is a(-41)?
-79
Let n(k) = 208597*k - 3546151. Calculate n(17).
-2
Let c(y) = -2486*y + 22301. Give c(9).
-73
Let f(o) = o**3 - 8*o**2 - 116*o + 52. What is f(-8)?
-44
Let g(w) = 419*w**2 - 3165*w + 1618. What is g(7)?
-6
Let g(n) = 1266*n - 26502. Give g(21).
84
Let t(b) = -3*b**3 + 85*b**2 - 630*b - 149. Give t(7).
-1423
Let j(a) = a**2 + 47*a - 608. Give j(-60).
172
Let l(h) = -1925*h**2 + 67*h - 2. Calculate l(1).
-1860
Let l(t) = -3*t**3 + 203*t - 19. Calculate l(6).
551
Let d(b) = -6307*b + 353169. Determine d(56).
-23
Let s(d) = -10019*d + 39835. Determine s(4).
-241
Let q(w) = -w**2 + 2756*w - 1456681. Calculate q(713).
-22
Let y(u) = -274*u + 11041. What is y(41)?
-193
Let k(n) = -3*n**2 + 45*n + 2709. Determine k(39).
-99
Let u(m) = -17*m**3 - 33*m**2 + 65*m + 3. Give u(2).
-135
Let y(i) = 54698*i + 109411. What is y(-2)?
15
Let i(c) = 8*c**3 - 102*c**2 + 173*c - 65. Calculate i(9).
-938
Let s(q) = 282575*q - 1695314. Calculate s(6).
136
Let p(h) = 2*h**3 + 5*h**2 + 30*h - 239. Determine p(9).
1894
Let s(c) = -c**3 + 14*c**2 + 411*c - 6035. Determine s(18).
67
Let g(z) = -z**3 + 2*z**2 - 11319*z + 22636. What is g(2)?
-2
Let p(x) = 2*x**3 + 32*x**2 - 253*x - 59. Calculate p(7).
424
Let x(c) = 16688*c + 150057. What is x(-9)?
-135
Let r(d) = 20*d**2 + 1342*d - 2626. Calculate r(-69).
-4
Let z(m) = -272*m + 10504. Calculate z(38).
168
Let j(n) = -12*n**3 + 61*n**2 + 37*n - 214. What is j(6)?
-388
Let c(p) = 1149*p + 1128246. Give c(-982).
-72
Let x(y) = 37*y**2 + 8361*y - 329. Give x(-226).
-103
Let k(g) = g**2 - 75425*g - 12. Calculate k(0).
-12
Let u(r) = 42*r**2 + 5156*r - 11721. Give u(-125).
29
Let z(j) = 2*j**3 - 45*j**2 + 191*j - 6211. Give z(24).
101
Let b(s) = -2*s**3 + 152*s**2 - 703*s - 30. Give b(5).
5
Let w(m) = 5*m**3 + 6*m**2 + 1716*m - 10394. Calculate w(6).
1198
Let h(t) = -62011*t + 1798326. Give h(29).
7
Let n(l) = 3*l**2 - 78*l + 116. Calculate n(35).
1061
Let m(g) = 491*g - 309347. Calculate m(630).
-17
Let x(n) = -256*n + 10679. Calculate x(42).
-73
Let l(a) = -25*a**2 - 4755*a - 925. What is l(-190)?
25
Let b(q) = -716*q - 187312. Determine b(-261).
-436
Let q(c) = 551*c - 4808. Give q(14).
2906
Let v(j) = -j**3 + 5*j**2 + 6*j - 85. What is v(4)?
-45
Let l(d) = 9811*d - 58935. Determine l(6).
-69
Let y(p) = -17077*p - 905072.